{"id":13387,"date":"2023-09-30T00:00:50","date_gmt":"2023-09-30T00:00:50","guid":{"rendered":"https:\/\/tazilly.com\/?post_type=product&#038;p=13387"},"modified":"2025-10-02T13:59:09","modified_gmt":"2025-10-02T13:59:09","slug":"sudaderas-cuadro","status":"publish","type":"product","link":"https:\/\/tazilly.com\/index.php\/producto\/sudaderas-cuadro\/","title":{"rendered":"SUDADERA CHANGER &#8211; unisex-"},"content":{"rendered":"<div class=\"constraction-list pim-row\">\u26a0\ufe0f para chicas recomendamos una talla inferior a la habitual \u26a0\ufe0f- ver foto con las medidas<\/div>\n<div><\/div>\n<div class=\"constraction-list pim-row\">Felpa perchada<\/div>\n<div class=\"composition-list pim-row\">85% algod\u00f3n org\u00e1nico hilado y peinado, 15% poli\u00e9ster reciclado<\/div>\n<div class=\"fit-weight-section-cnt\">\n<div class=\"fit-section pim-row\">\n<div><img decoding=\"async\" class=\"fr-fic fr-dib\" src=\"https:\/\/www.stanleystella.com\/content\/files\/icons\/fitted.png\" data-src-original=\"all\" data-src=\"\/content\/files\/icons\/fitted.png\" \/><span class=\"pim-text pim-fit-text\">Corte entallado<\/span><\/div>\n<div class=\"weight-section pim-row\">\n<div><img decoding=\"async\" class=\"fr-fic fr-dib\" src=\"https:\/\/www.stanleystella.com\/content\/files\/icons\/weight-icon.png\" data-src-original=\"all\" data-src=\"\/content\/files\/icons\/weight-icon.png\" \/><span class=\"pim-text pim-weight-text\">350 GSM<\/span><\/div>\n<\/div>\n<\/div>\n<\/div>\n","protected":false},"excerpt":{"rendered":"<div class=\"constraction-list pim-row\">Felpa perchada<\/div>\n<div class=\"composition-list pim-row\">85% algod\u00f3n org\u00e1nico hilado y peinado, 15% poli\u00e9ster reciclado<\/div>\n<div class=\"fit-weight-section-cnt\">\n<div class=\"fit-section pim-row\">\n<div><img decoding=\"async\" class=\"fr-fic fr-dib\" src=\"https:\/\/www.stanleystella.com\/content\/files\/icons\/fitted.png\" data-src-original=\"all\" data-src=\"\/content\/files\/icons\/fitted.png\" \/><span class=\"pim-text pim-fit-text\">Corte entallado<\/span><\/div>\n<div class=\"weight-section pim-row\">\n<div><img decoding=\"async\" class=\"fr-fic fr-dib\" src=\"https:\/\/www.stanleystella.com\/content\/files\/icons\/weight-icon.png\" data-src-original=\"all\" data-src=\"\/content\/files\/icons\/weight-icon.png\" \/><span class=\"pim-text pim-weight-text\">350 GSM<\/span><\/div>\n<\/div>\n<\/div>\n<\/div>\n","protected":false},"featured_media":17896,"comment_status":"open","ping_status":"closed","template":"","meta":{"_joinchat":[]},"product_brand":[],"product_cat":[200,177],"product_tag":[],"class_list":{"0":"post-13387","1":"product","2":"type-product","3":"status-publish","4":"has-post-thumbnail","6":"product_cat-personalizados-dibujo-ilustracion","7":"product_cat-camisetas","9":"first","10":"instock","11":"sale","12":"taxable","13":"shipping-taxable","14":"purchasable","15":"product-type-simple"},"jetpack_sharing_enabled":true,"_links":{"self":[{"href":"https:\/\/tazilly.com\/index.php\/wp-json\/wp\/v2\/product\/13387","targetHints":{"allow":["GET"]}}],"collection":[{"href":"https:\/\/tazilly.com\/index.php\/wp-json\/wp\/v2\/product"}],"about":[{"href":"https:\/\/tazilly.com\/index.php\/wp-json\/wp\/v2\/types\/product"}],"replies":[{"embeddable":true,"href":"https:\/\/tazilly.com\/index.php\/wp-json\/wp\/v2\/comments?post=13387"}],"wp:featuredmedia":[{"embeddable":true,"href":"https:\/\/tazilly.com\/index.php\/wp-json\/wp\/v2\/media\/17896"}],"wp:attachment":[{"href":"https:\/\/tazilly.com\/index.php\/wp-json\/wp\/v2\/media?parent=13387"}],"wp:term":[{"taxonomy":"product_brand","embeddable":true,"href":"https:\/\/tazilly.com\/index.php\/wp-json\/wp\/v2\/product_brand?post=13387"},{"taxonomy":"product_cat","embeddable":true,"href":"https:\/\/tazilly.com\/index.php\/wp-json\/wp\/v2\/product_cat?post=13387"},{"taxonomy":"product_tag","embeddable":true,"href":"https:\/\/tazilly.com\/index.php\/wp-json\/wp\/v2\/product_tag?post=13387"}],"curies":[{"name":"wp","href":"https:\/\/api.w.org\/{rel}","templated":true}]}}