{"id":13327,"date":"2023-09-27T21:46:37","date_gmt":"2023-09-27T21:46:37","guid":{"rendered":"https:\/\/tazilly.com\/?post_type=product&#038;p=13327"},"modified":"2025-10-02T14:03:59","modified_gmt":"2025-10-02T14:03:59","slug":"clasica-puzzle","status":"publish","type":"product","link":"https:\/\/tazilly.com\/index.php\/producto\/clasica-puzzle\/","title":{"rendered":"Camiseta hombre"},"content":{"rendered":"<p>Recomendamos su talla habitual!<br \/>\nPara una buena personalizaci\u00f3n, repasa todos los campos con atenci\u00f3n, seleccionando cada uno seg\u00fan tus necesidades.<\/p>\n<p>Punto de jersey sencillo<br \/>\n100% algod\u00f3n org\u00e1nico hilado y peinado 180 GSM<br \/>\n. Manga pegada<br \/>\n. Cuello de canal\u00e9 1\u00d71<\/p>\n","protected":false},"excerpt":{"rendered":"<p>Recomendamos su talla habitual!<br \/>\nPara una buena personalizaci\u00f3n, repasa todos los campos con atenci\u00f3n, seleccionando cada uno seg\u00fan tus necesidades.<\/p>\n<p>Punto de jersey sencillo<br \/>\n100% algod\u00f3n org\u00e1nico hilado y peinado 180 GSM<br \/>\n. Manga pegada<br \/>\n. Cuello de canal\u00e9 1\u00d71<\/p>\n","protected":false},"featured_media":17866,"comment_status":"open","ping_status":"closed","template":"","meta":{"_joinchat":[]},"product_brand":[],"product_cat":[200,177],"product_tag":[],"class_list":{"0":"post-13327","1":"product","2":"type-product","3":"status-publish","4":"has-post-thumbnail","6":"product_cat-personalizados-dibujo-ilustracion","7":"product_cat-camisetas","9":"first","10":"instock","11":"sale","12":"taxable","13":"shipping-taxable","14":"purchasable","15":"product-type-simple"},"jetpack_sharing_enabled":true,"_links":{"self":[{"href":"https:\/\/tazilly.com\/index.php\/wp-json\/wp\/v2\/product\/13327","targetHints":{"allow":["GET"]}}],"collection":[{"href":"https:\/\/tazilly.com\/index.php\/wp-json\/wp\/v2\/product"}],"about":[{"href":"https:\/\/tazilly.com\/index.php\/wp-json\/wp\/v2\/types\/product"}],"replies":[{"embeddable":true,"href":"https:\/\/tazilly.com\/index.php\/wp-json\/wp\/v2\/comments?post=13327"}],"wp:featuredmedia":[{"embeddable":true,"href":"https:\/\/tazilly.com\/index.php\/wp-json\/wp\/v2\/media\/17866"}],"wp:attachment":[{"href":"https:\/\/tazilly.com\/index.php\/wp-json\/wp\/v2\/media?parent=13327"}],"wp:term":[{"taxonomy":"product_brand","embeddable":true,"href":"https:\/\/tazilly.com\/index.php\/wp-json\/wp\/v2\/product_brand?post=13327"},{"taxonomy":"product_cat","embeddable":true,"href":"https:\/\/tazilly.com\/index.php\/wp-json\/wp\/v2\/product_cat?post=13327"},{"taxonomy":"product_tag","embeddable":true,"href":"https:\/\/tazilly.com\/index.php\/wp-json\/wp\/v2\/product_tag?post=13327"}],"curies":[{"name":"wp","href":"https:\/\/api.w.org\/{rel}","templated":true}]}}